is -21 - -1432?
1411
In base 9, what is -2 + 1161161?
1161158
In base 5, what is 4233324 + 100?
4233424
In base 14, what is -1 + 206d6?
206d5
In base 8, what is 3772232 + 5?
3772237
In base 8, what is -130152 + 3?
-130147
In base 15, what is e64 - 95?
dbe
In base 4, what is 2013131022 + -1?
2013131021
In base 4, what is -310 + 322001?
321031
In base 6, what is -1503 - 40?
-1543
In base 13, what is -a23c - -1?
-a23b
In base 5, what is -1 + -3142310?
-3142311
In base 13, what is -35931 - 4?
-35935
In base 9, what is -136848 + -1?
-136850
In base 9, what is -2406 - -4?
-2402
In base 12, what is 10 - -2b10?
2b20
In base 7, what is -5 + 1331?
1323
In base 3, what is -210220212 + 1?
-210220211
In base 3, what is 0 + 12112220?
12112220
In base 10, what is -8440 - -130?
-8310
In base 16, what is 3 + -8b66?
-8b63
In base 14, what is 12a4d6 + 2?
12a4d8
In base 15, what is 3 - -7837?
783a
In base 9, what is -28 - -178?
150
In base 4, what is 302202310 + 11?
302202321
In base 11, what is -9046 - -4?
-9042
In base 4, what is 3021 + 103201?
112222
In base 5, what is 1013 + 11214?
12232
In base 3, what is 12 - -211101120?
211101202
In base 11, what is -1479 - -52?
-1427
In base 2, what is -1001100011111 + 10?
-1001100011101
In base 6, what is -1 + 12303344?
12303343
In base 11, what is 7 + 3a5?
401
In base 7, what is -401 + 21625?
21224
In base 14, what is 75a3 - 6?
759b
In base 16, what is a223c - -2?
a223e
In base 4, what is 1131031211 - -3?
1131031220
In base 15, what is 8 + -5dc35?
-5dc2c
In base 12, what is -969a + 3?
-9697
In base 6, what is -1155 + 2140?
541
In base 12, what is -8 + -1999b?
-199a7
In base 14, what is 13790 - -3?
13793
In base 11, what is 1463 - 60?
1403
In base 8, what is 3470 + 513?
4203
In base 11, what is 64 - 2206?
-2152
In base 5, what is 11 + 200320?
200331
In base 7, what is 0 + -3513?
-3513
In base 8, what is 100 - 116645?
-116545
In base 10, what is -19346 - 1?
-19347
In base 4, what is -10 - -1231101?
1231031
In base 13, what is -10 - -11a258?
11a248
In base 11, what is -20 + -475a?
-477a
In base 4, what is -231110 - -13?
-231031
In base 11, what is 2 - -5550a7?
5550a9
In base 2, what is -100001001000010 + -10110?
-100001001011000
In base 5, what is 1244 - -22032?
23331
In base 3, what is 0 + -1120002122?
-1120002122
In base 3, what is -202012120 - 21?
-202012211
In base 7, what is 325 - 154?
141
In base 10, what is 23202 - 2?
23200
In base 3, what is 20211 - 1100?
12111
In base 4, what is -21303221 - 2?
-21303223
In base 12, what is 4a115 + -15?
4a100
In base 4, what is -12 + 21310?
21232
In base 9, what is 1703 - 3?
1700
In base 14, what is b - 3d9c?
-3d91
In base 12, what is -43a15 - 8?
-43a21
In base 10, what is 753 - 3?
750
In base 15, what is -18949 - 5?
-1894e
In base 12, what is -7 + 35b81?
35b76
In base 4, what is -1 + 13101313?
13101312
In base 11, what is -25 - 1088?
-1102
In base 11, what is -23 + -44483?
-444a6
In base 12, what is -2 - -9b978?
9b976
In base 4, what is 113022 + -2001?
111021
In base 2, what is -1101101110011 - 10111110?
-1110000110001
In base 7, what is -501634 - 2?
-501636
In base 2, what is -11101000 - -111101?
-10101011
In base 13, what is 3 + 1971?
1974
In base 12, what is 564b2 - -3?
564b5
In base 12, what is 2 + -192b69?
-192b67
In base 7, what is -1102242 + 12?
-1102230
In base 12, what is -3832 - 539?
-416b
In base 3, what is 0 + -202111101?
-202111101
In base 11, what is -24 - -1764?
1740
In base 4, what is 10 + 10131212?
10131222
In base 3, what is 1022 - 10012?
-1220
In base 12, what is 8 - -4b725?
4b731
In base 9, what is 5422 - -3?
5425
In base 13, what is 932 + -213?
71c
In base 9, what is -3158 + 33?
-3125
In base 11, what is -17184 - 85?
-17259
In base 13, what is 1b515 - 5?
1b510
In base 8, what is -7 + -576?
-605
In base 6, what is -1 + 1101330?
1101325
In base 13, what is -28 - -252?
227
In base 3, what is -1000211221 + 20?
-1000211201
In base 10, what is 150 + -28?
122
In base 14, what is 39 - 2d36?
-2cdb
In base 12, what is -2849 - 19?
-2866
In base 4, what is 323103130 - 11?
323103113
In base 3, what is 0 - -1021201221010?
1021201221010
In base 16, what is -f0c2 - 2?
-f0c4
In base 13, what is 5 - 264ab?
-264a6
In base 3, what is 2210110 - -110?
2210220
In base 13, what is 2 + 12579?
1257b
In base 3, what is -1202210112010 - 0?
-1202210112010
In base 10, what is -273275 + -5?
-273280
In base 10, what is -948767 + 7?
-948760
In base 7, what is -114556 + -1?
-114560
In base 16, what is b9 - 109c?
-fe3
In base 15, what is 10d + 4c6?
5d4
In base 16, what is 2b3e6 + 3?
2b3e9
In base 11, what is a3093a + 0?
a3093a
In base 10, what is -1055479 + 2?
-1055477
In base 10, what is 361883 + 16?
361899
In base 16, what is 7 + -18c?
-185
In base 12, what is 406 + 573?
979
In base 10, what is -5 - 35216?
-35221
In base 13, what is 110a - -11?
111b
In base 9, what is 18554 + -4?
18550
In base 4, what is -310203 + 30?
-310113
In base 4, what is -2 + -1122130?
-1122132
In base 3, what is 11101 - 120110?
-102002
In base 6, what is 33445 + 55?
33544
In base 11, what is 378 - -44?
411
In base 14, what is -106 + 4606?
4500
In base 14, what is -83 - a2?
-145
In base 7, what is 4201 + 302?
4503
In base 6, what is -10110 + -2415?
-12525
In base 6, what is 40555 - 2?
40553
In base 3, what is 12102202 + -112111?
11220021
In base 6, what is 424 + 55222?
100050
In base 8, what is -6 + 14143?
14135
In base 13, what is -50b + 4b9?
-22
In base 14, what is -2 - -10364?
10362
In base 10, what is -10782 - -3?
-10779
In base 5, what is 100404041 - 3?
100404033
In base 11, what is -30672 + -5?
-30677
In base 8, what is 532 + -25?
505
In base 6, what is 1 - -1024112?
1024113
In base 11, what is -223a + 29?
-2211
In base 4, what is 130 - 102100?
-101310
In base 4, what is -1030130 - -1?
-1030123
In base 13, what is 61c + -234?
3b8
In base 15, what is 9 + -5ee50?
-5ee46
In base 14, what is 0 + -9a17?
-9a17
In base 2, what is 1110000111011101 + -10001?
1110000111001100
In base 8, what is -4 - -120430?
120424
In base 11, what is 5867a2 - -2?
5867a4
In base 11, what is -48a188 + -1?
-48a189
In base 6, what is -1300 - -45?
-1211
In base 12, what is 8 + -2b17?
-2b0b
In base 3, what is 112211 - 1021?
111120
In base 10, what is -5 + 46747?
46742
In base 11, what is 2 + -a35?
-a33
In base 14, what is -7d + 922?
883
In base 6, what is -153542 - 11?
-153553
In base 14, what is 4 - 17bcd?
-17bc9
In base 6, what is 3 - -4540040?
4540043
In base 16, what is 4 + -58d6?
-58d2
In base 3, what is -21 - 11221002?
-11221100
In base 15, what is -ba2b + 0?
-ba2b
In base 3, what is -2 + -20001002120?
-20001002122
In base 5, what is 111301 - 1300?
110001
In base 9, what is -230648 - -34?
-230614
In base 16, what is 3 + -298a5?
-298a2
In base 2, what is -11 + -10001101110011?
-10001101110110
In base 16, what is 93d - -8?
945
In base 6, what is -2002 - -11040?
5034
In base 2, what is 1000000110010101011000 - -100?
1000000110010101011100
In base 13, what is -3 + 195385?
195382
In base 3, what is -112222 - 21120110?
-22010102
In base 6, what is -4 - -1053252?
1053244
In base 10, what is -2186 - 0?
-2186
In base 15, what is -9946 - 15?
-995b
In base 4, what is -122 + 122001323?
122001201
In base 11, what is -9 + 116?
108
In base 15, what is 0 + 42ca0?
42ca0
In base 13, what is -5c1c8 - 0?
-5c1c8
In base 11, what is -282007 + 4?
-282003
In base 4, what is 3 + -20000300?
-20000231
In base 14, what is -180c4 + -1?
-180c5
In base 3, what is 0 - 1011011200?
-1011011200
In base 14, what is 2c - -362?
390
In base 4, what is 2310311 + 0?
2310311
In base 8, what is -122 + -36056?
-36200
In base 3, what is 1111 + 20121?
22002
In base 5, what is -11 + 22004?
21443
In base 15, what is -472a38 - -5?
-472a33
In base 9, what is -4 + 145422?
145417
In base 3, what is 102202100 - 2020?
102200010
In base 10, what is 499 - -1842?
2341
In base 13, what is 28 - -421b?
4246
In base 12, what is b903 - -4?
b907
In base 15, what is 106 - -c6e?
d75
In base 14, what is -35ca + -148?
-3734
In base 11, what is -26 + 66?
40
In base 3, what is -11 - 10000100?
-10000111
In base 2, what is 1111 - -10101111001001?
10101111011000
In base 4, what is 23002 + 302?
23310
In base 3, what is -1110 - 20200112?
-20201222
In base 8, what is -22563 + -6?
-22571
In base 10, what is 